{"id":87,"date":"2023-02-17T10:47:58","date_gmt":"2023-02-17T10:47:58","guid":{"rendered":"https:\/\/configit.pl\/?page_id=87"},"modified":"2023-02-17T10:47:58","modified_gmt":"2023-02-17T10:47:58","slug":"bezpieczenstwo","status":"publish","type":"page","link":"https:\/\/configit.pl\/?page_id=87","title":{"rendered":"Bezpiecze\u0144stwo"},"content":{"rendered":"\n<h2 class=\"wp-block-heading\">Profilaktyka<\/h2>\n\n\n\n<p>Bezpiecze\u0144stwo IT to podstawa ochrony Twoich danych i wra\u017cliwych informacji przed cyberzagro\u017ceniami. Profilaktyka bezpiecze\u0144stwa IT obejmuje szereg dzia\u0142a\u0144, kt\u00f3re pomog\u0105 Ci zminimalizowa\u0107 ryzyko atak\u00f3w hakerskich i innych zagro\u017ce\u0144. Dzi\u0119ki regularnym przegl\u0105dom i aktualizacjom zwi\u0119kszysz poziom bezpiecze\u0144stwa Twojego systemu informatycznego. Wsp\u00f3\u0142pracuj\u0105c z profesjonalistami, otrzymasz kompleksow\u0105 opiek\u0119 i wsparcie w zakresie bezpiecze\u0144stwa IT. Zadbaj o bezpiecze\u0144stwo swoich danych i zminimalizuj ryzyko cyberzagro\u017ce\u0144, wybieraj\u0105c profilaktyk\u0119 bezpiecze\u0144stwa IT.<\/p>\n\n\n\n<h2 class=\"wp-block-heading\">Odzyskiwanie danych<\/h2>\n\n\n\n<p>Odzyskiwanie danych to proces, kt\u00f3ry pozwala na przywr\u00f3cenie utraconych lub uszkodzonych plik\u00f3w. Dzi\u0119ki temu mo\u017cesz odzyska\u0107 wa\u017cne dane i informacje, kt\u00f3rych nie da si\u0119 zast\u0105pi\u0107. Odzyskiwanie danych mo\u017ce by\u0107 przeprowadzone w przypadku awarii dysku twardego, b\u0142\u0119d\u00f3w systemowych lub przypadkowego usuni\u0119cia danych. Zaufaj specjalistom, kt\u00f3rzy posiadaj\u0105 odpowiednie narz\u0119dzia i do\u015bwiadczenie, aby przeprowadzi\u0107 proces odzyskiwania danych w bezpieczny i skuteczny spos\u00f3b. Nie tra\u0107 wa\u017cnych informacji, skorzystaj z us\u0142ug odzyskiwania danych i zyskaj spok\u00f3j ducha, \u017ce Twoje dane s\u0105 w dobrych r\u0119kach.<\/p>\n\n\n\n<h2 class=\"wp-block-heading\">Zarz\u0105dzanie systemami<\/h2>\n\n\n\n<p>Zarz\u0105dzanie systemami informatycznymi to klucz do efektywnego i bezpiecznego funkcjonowania Twojego biznesu. Dzi\u0119ki profesjonalnemu zarz\u0105dzaniu, zminimalizujesz ryzyko awarii i problem\u00f3w z systemami informatycznymi, co przek\u0142ada si\u0119 na stabiln\u0105 prac\u0119 Twojej firmy. Profesjonalne zarz\u0105dzanie systemami informatycznymi obejmuje m.in. monitoring, aktualizacje, optymalizacje oraz wsparcie techniczne. Dzi\u0119ki temu b\u0119dziesz m\u00f3g\u0142 skoncentrowa\u0107 si\u0119 na rozwoju swojego biznesu, a nie na problemach z technologi\u0105. Zaufaj specjalistom, kt\u00f3rzy zapewni\u0105 Ci kompleksowe wsparcie w zakresie zarz\u0105dzania systemami informatycznymi i zwi\u0119ksz\u0105 efektywno\u015b\u0107 Twojej firmy.<\/p>\n","protected":false},"excerpt":{"rendered":"<p>Profilaktyka Bezpiecze\u0144stwo IT to podstawa ochrony Twoich danych i wra\u017cliwych informacji przed cyberzagro\u017ceniami. Profilaktyka bezpiecze\u0144stwa IT obejmuje szereg dzia\u0142a\u0144, kt\u00f3re pomog\u0105 Ci zminimalizowa\u0107 ryzyko atak\u00f3w hakerskich i innych zagro\u017ce\u0144. Dzi\u0119ki regularnym przegl\u0105dom i aktualizacjom zwi\u0119kszysz poziom bezpiecze\u0144stwa Twojego systemu informatycznego. Wsp\u00f3\u0142pracuj\u0105c z profesjonalistami, otrzymasz kompleksow\u0105 opiek\u0119 i wsparcie w zakresie bezpiecze\u0144stwa IT. Zadbaj o bezpiecze\u0144stwo&hellip; <br \/> <a class=\"button small blue\" href=\"https:\/\/configit.pl\/?page_id=87\">Dowiedz si\u0119 wi\u0119cej<\/a><\/p>\n","protected":false},"author":1,"featured_media":0,"parent":0,"menu_order":0,"comment_status":"closed","ping_status":"closed","template":"","meta":{"om_disable_all_campaigns":false,"_monsterinsights_skip_tracking":false,"_monsterinsights_sitenote_active":false,"_monsterinsights_sitenote_note":"","_monsterinsights_sitenote_category":0,"footnotes":""},"class_list":["post-87","page","type-page","status-publish","hentry"],"aioseo_notices":[],"_links":{"self":[{"href":"https:\/\/configit.pl\/index.php?rest_route=\/wp\/v2\/pages\/87","targetHints":{"allow":["GET"]}}],"collection":[{"href":"https:\/\/configit.pl\/index.php?rest_route=\/wp\/v2\/pages"}],"about":[{"href":"https:\/\/configit.pl\/index.php?rest_route=\/wp\/v2\/types\/page"}],"author":[{"embeddable":true,"href":"https:\/\/configit.pl\/index.php?rest_route=\/wp\/v2\/users\/1"}],"replies":[{"embeddable":true,"href":"https:\/\/configit.pl\/index.php?rest_route=%2Fwp%2Fv2%2Fcomments&post=87"}],"version-history":[{"count":2,"href":"https:\/\/configit.pl\/index.php?rest_route=\/wp\/v2\/pages\/87\/revisions"}],"predecessor-version":[{"id":207,"href":"https:\/\/configit.pl\/index.php?rest_route=\/wp\/v2\/pages\/87\/revisions\/207"}],"wp:attachment":[{"href":"https:\/\/configit.pl\/index.php?rest_route=%2Fwp%2Fv2%2Fmedia&parent=87"}],"curies":[{"name":"wp","href":"https:\/\/api.w.org\/{rel}","templated":true}]}}